 the prime factors of o(-12)?
2, 3
List the prime factors of 82/(22/26 + 10/65).
2, 41
Let k(x) = x**2 + x + 31. Let n(c) = c**3 + c**2 - 3*c - 2. Let l be n(-2). What are the prime factors of k(l)?
31
Let p(y) = y + 3. Let u(m) = 3. Let t(b) = 3*p(b) - 2*u(b). List the prime factors of t(3).
2, 3
Let h(a) = -a + 46. What are the prime factors of h(23)?
23
Let c = -6 + 8. Suppose -c*k - 5*q = 2 - 7, -5*k + 3*q = -90. List the prime factors of k.
3, 5
Let p(y) be the second derivative of y**3/3 + y**2 + 4*y. What are the prime factors of p(5)?
2, 3
Let o(j) = -4*j - 26. What are the prime factors of o(-18)?
2, 23
Let n(i) = -i**3 + 5*i**2 + 6*i + 6. Let s be n(6). What are the prime factors of (-1 - -3) + s + 5?
13
Let w(y) = -y**3 - 2*y**2 - 5*y - 4. Let o be w(-3). Let l = o + -10. Let a = -6 + l. List the prime factors of a.
2
Let b = -3 + 5. Let y be 1 + 19 + b + 1. Suppose n + 0 = -3*i + y, 0 = 2*i + 2*n - 22. What are the prime factors of i?
2, 3
Let m = 216 - 7. List the prime factors of m.
11, 19
What are the prime factors of (14 - 3 - 1)*(-84)/(-20)?
2, 3, 7
Let r = -11 + 4. Let b = r + 16. What are the prime factors of b?
3
Suppose 0 = -3*v + 3*b + 582, 3*b = -3*v - 0*v + 588. List the prime factors of v.
3, 5, 13
Let v = -11 + 22. What are the prime factors of v?
11
Let j be -2*1 - (1 - 6). Suppose -10 = j*f + 8. List the prime factors of 20/(-6)*f/5.
2
Suppose f + 5*x - 1 = 0, 3*f - 5*x = -x - 16. Let d = f + 9. Suppose -2*t + 28 = 5*z + 9, d = 5*z. What are the prime factors of t?
7
Suppose 87 = 44*g - 41*g. What are the prime factors of g?
29
Let i(k) = -3*k - 6. Let a(t) = -6*t - 13. Let o(f) = 6*a(f) - 13*i(f). What are the prime factors of o(3)?
3
Suppose 0 = -2*l - 3*l - 25. Let n = 10 + l. Suppose 20 = n*z - 4*j, 3*z + 2*j - 19 = 15. List the prime factors of z.
2
Let j = 6 + -4. Suppose j*f = -3*p + 55, 3*p = 6*f - 3*f + 30. What are the prime factors of p?
3, 5
Suppose -w - 12 = 3*w. Let t be (-3)/(w*(-3)/(-15)). Suppose -5*i - t = 15, 0 = -3*g + 3*i + 18. What are the prime factors of g?
2
Let h(v) be the second derivative of -5*v**3/6 - 3*v**2/2 + 2*v. Let z be 2/(-8) - 14/8. What are the prime factors of h(z)?
7
Let s = -23 + 55. What are the prime factors of s?
2
Suppose -7*o = -4*o - 111. List the prime factors of o.
37
Suppose 3*o = -11 - 145. List the prime factors of 2/(-4)*o/2.
13
Let l be 106/9 + 2/9. Let x(y) = y**2 + 5*y - 10. Let u be x(-7). Suppose u*j = l + 24. List the prime factors of j.
3
Suppose 0 = c + 3*c + 124. Let i(u) = -u**2 + 8*u + 6. Let o be i(9). What are the prime factors of (-4)/(-6) + c/o?
11
Suppose 18 + 34 = 2*p. What are the prime factors of p?
2, 13
List the prime factors of (-6)/10 - 1752/(-20).
3, 29
Suppose 6*m - 5*m - 3 = 0. Let a(z) = -z**3 + 6*z**2 - 1. What are the prime factors of a(m)?
2, 13
Suppose -y + 13 = 4. Suppose -36 = 4*u - 4*z, -3*z + y = -0. Let t(n) = n**2 + 2*n - 8. List the prime factors of t(u).
2
Let d(f) = f**2 + 8*f - 12. Let v be 2/6 - 28/3. Let z be d(v). Let n = 5 + z. List the prime factors of n.
2
Let h(c) = c**3 + 5*c**2 - 3*c + 1. Let p be h(-5). Suppose 0 = 4*s - p, 0*s + 2*s = 2*b + 20. List the prime factors of b*(-6)/3 + -2.
2, 5
Let s(k) = 3*k**2 + 6*k - 1. What are the prime factors of s(-5)?
2, 11
Let j = 9 + -6. Suppose 0 = -5*k + j*a - 9, 5*a - 4 = 5*k + 11. Suppose k*i + i - 9 = 0. List the prime factors of i.
3
Let r(j) = -13*j - 10. What are the prime factors of r(-3)?
29
Let n = 60 + -29. List the prime factors of n.
31
Suppose 37 = 5*n + 2. List the prime factors of n.
7
Let h = -3 + 3. Let p(f) = f**2 - 9*f + 13. Let b be p(9). Suppose g - 8 = -z, -2*g - z + b = -h. What are the prime factors of g?
5
Let y be (3 + -2)/(-1)*0. Suppose -3*n - 4 - 5 = y. Let p(x) = -2*x + 4. What are the prime factors of p(n)?
2, 5
Suppose -2*z = 2*m - 120, -m + 56 = -2*z + 7*z. List the prime factors of m.
61
Suppose 7*t - 769 - 183 = 0. List the prime factors of t.
2, 17
Suppose 0 = -f + 4*f + 15. What are the prime factors of (-30)/(-2) - (f - -5)?
3, 5
Suppose -3*d + 5*x + 506 - 127 = 0, -10 = 2*x. What are the prime factors of d?
2, 59
Let w(m) = m**3 - 5*m**2 + m - 7. Let a = -1 + 7. What are the prime factors of w(a)?
5, 7
Suppose 3*u - 7 = -3*r + 23, 0 = -2*u + r + 5. Suppose -4*o = -u*o + 3*p + 36, 68 = 3*o + p. List the prime factors of o.
2, 3
Suppose 8*h - 4*h = -912. Let f be (-2)/10 + h/(-15). Suppose -2*b + f = -b. List the prime factors of b.
3, 5
Let d = -13 - -7. Let i(p) = p**2 + 5*p + 1. What are the prime factors of i(d)?
7
Let d = 105 + -157. Let l = d - -92. Suppose -5*n + 16 = k - 4*n, 0 = 4*k - 2*n - l. List the prime factors of k.
2, 3
Suppose -2*l + a + 5 = -0, 4*a + 20 = -5*l. Suppose 3*t = -l*t. Suppose t = b - 4. List the prime factors of b.
2
Let v be 20/(-6)*24/20. Let h = v - -16. What are the prime factors of h?
2, 3
Suppose 3*g - x = 1, 2*g + 3*x = -2 + 10. What are the prime factors of 28/2 + 0 + g?
3, 5
Suppose 0*j = 5*j - 20. Let x = j - 6. List the prime factors of (-31)/x + 12/8.
17
Let h(r) = -r**3 - 13*r**2 - r + 13. Let l(k) = -k**3 - 5*k**2 + 9*k + 5. Let i be l(-6). List the prime factors of h(i).
2, 13
Suppose -4*g - 11 = -3*k + 28, 3*k = 2*g + 39. Suppose -5*x + k = 3*m, 0*m + 24 = 4*m + 5*x. What are the prime factors of m?
11
Let p = 469 - 288. List the prime factors of p.
181
Suppose 5*m + 2*g - 77 = -g, 4*g - 68 = -4*m. Let l = m + 3. What are the prime factors of l?
2
Let m(n) = -n**3 + 6*n**2 + 6*n + 1. Let w(x) = -x**2 + 11*x - 3. Let p be w(10). Let g be m(p). What are the prime factors of g/15 + 37/5?
7
Let r = -15 - -26. Let t = -8 - -2. Let c = r + t. List the prime factors of c.
5
Suppose 0*q = 3*g + q - 8, -3 = 3*q. Suppose -2*o - 21 = 5*d, g*o + 2*d = 2*o - 8. Suppose 0 = o*f - 2, -c - 3*f - 87 = -6*c. What are the prime factors of c?
2, 3
Let y be (-3 - 1)*6/(-8). Suppose 0 = -p + 1 + y. What are the prime factors of p?
2
List the prime factors of 1/(-2)*206*(5 - 6).
103
Suppose 0*h + 360 = 4*h. Suppose h = 4*m + 26. What are the prime factors of m?
2
Suppose 2*c + b = 4*c - 18, 41 = 3*c + 2*b. Suppose 4*y - 1 - c = 0. List the prime factors of y.
3
Let v = 1 - 1. Suppose z - 10 + 1 = v. What are the prime factors of z?
3
Suppose 15*t = 9*t + 732. What are the prime factors of t?
2, 61
Let i be (-2)/(-8) + 22/8. Suppose -4*z - 10 = -2*q, 5*q - i*z = -0*q + 39. Suppose -2*o + 15 = -q. List the prime factors of o.
2, 3
Let t = 70 - 37. List the prime factors of t.
3, 11
Suppose 5*y - 9 - 31 = 0. What are the prime factors of y?
2
What are the prime factors of 105 + ((-4)/22 - 40/22)?
103
Suppose 2*r = -0*r + 3*i + 22, -2*r = -4*i - 26. Let o(d) = -d**2 + 10*d - 5. What are the prime factors of o(r)?
2, 5
Let d(i) = 3*i - i + 2*i - 3*i - 7. Let l be d(9). Suppose m = 5*m + 12, -g + 19 = -l*m. What are the prime factors of g?
13
Let o = -3 + 3. Suppose -5*a - 7 + 32 = o. Suppose -a*b + b = -32. What are the prime factors of b?
2
Let c(p) = 1 + 2*p**3 - 3*p**3 - 2*p**3 - 2*p - 2. What are the prime factors of c(-1)?
2
Let j = 14 - 5. Let o = 7 - j. Let k(z) = 2*z**2 - 3*z - 3. List the prime factors of k(o).
11
Suppose 0 = -3*i - 2*g + 13, 0 = 5*i - i + 2*g - 20. Suppose -i*l + 3*l = -64. List the prime factors of l.
2
Suppose 3*h - 4*v = -10, -5*h = v + 3*v - 26. What are the prime factors of h*-3*23/(-6)?
23
Let j(n) = -n**2 - 7*n - 7. Let q be j(-5). Let t be q*((-6)/9 + 1). What are the prime factors of 1 + 9 - t*-1?
11
Let p = 17 - 24. Let j = 11 + p. Suppose 3*w + j*r = 39, -4*w - 4*r = -9*r - 83. List the prime factors of w.
17
Suppose 9 - 3 = 2*b, -5*p - 17 = b. Let x(t) be the third derivative of t**6/120 + t**5/12 + t**4/24 - 5*t**3/6 + 3*t**2. What are the prime factors of x(p)?
7
Let c = -5 - -8. Let v(p) = 5*p**3 + 11*p**2 + 10*p - 5. Let n(k) = 4*k**3 + 11*k**2 + 10*k - 6. Let o(r) = c*v(r) - 4*n(r). List the prime factors of o(-10).
3
Let c be 177/7 + 6/(-21). What are the prime factors of 6/8*(c - 1)?
2, 3
Let v(d) = 4*d**2 + 9*d + 11. What are the prime factors of v(-5)?
2, 3, 11
Let o be (4/6)/((-2)/(-9)). Suppose -o*p + 3*m - 6*m = -30, 0 = 5*p - 2*m - 78. What are the prime factors of p?
2, 7
Let p(x) = 10 + 1 + x - 12. Let b = -6 - -10. What are the prime factors of p(b)?
3
Suppo